 14. Let i(x) = -9*x + 9. Let a(k) = 8*i(k) - 5*v(k). Calculate a(g).
6
Let b be 4/6 - (-20)/6. Let r(n) = -3*n - n**2 + n**2 - 5 + 0*n**2 + n**2. What is r(b)?
-1
Suppose -9 = -3*c, -q + c = 3*q + 47. Suppose -4*j = -w - 3, -4*w = 4*j + 3 - 91. Let m = q + w. Let p(b) = -b**2 + 6*b - 3. What is p(m)?
-3
Let q(s) = 2*s + 3*s**2 + 2 - 3 + s**3 + 2*s**2 + 0*s**2. Determine q(-5).
-11
Let p be (-2 + (-7)/(-2))/(20/80). Let w(z) = 9 + 3*z**3 + 3*z**2 - 7*z - 4*z**3 + 4*z**2. Calculate w(p).
3
Let a(s) = 3*s**3 - 6*s**2 + 5. Let g(y) = 7*y**3 - 12*y**2 + 11. Let q(l) = 9*a(l) - 4*g(l). Let c be q(-6). Let d(i) = -i. Calculate d(c).
-1
Let s(z) = z + 1. Let v = -2 + -3. Let l = 7 + v. Suppose 4*t - l = -2*n, t - 5 = n + 3*n. Calculate s(n).
0
Let c(o) = -6*o + o**3 + 4*o**2 + o**3 + 2 - o**3. Let v(w) = -2*w + 3. Let s = 10 + -6. Let t be v(s). Determine c(t).
7
Let t(o) = 4*o**2 - o. Let v(m) = -m**3 - 8*m**2 - 8*m - 6. Let b be v(-7). Let g be t(b). Let u(a) = -4 + 3*a + 6*a**2 + 2 - 2*a**2 - g*a**2. Calculate u(-4).
2
Let p(h) = -3*h - 2. Let s be 1*(0 + 2) - 1. Let i(b) = 3*b + 3*b - s - 5*b + 3*b. Let t be i(1). Determine p(t).
-11
Let m be (-1)/(1*1/5). Let t be (1 + 9)*(-2)/m. Let w(u) = -4*u**2 - u - u + 5*u + 3*u**2. Calculate w(t).
-4
Let w(a) be the first derivative of 0*a + 2 - a**3 + 1/4*a**4 - a**2. What is w(3)?
-6
Let l(c) = c**2 - 6*c - 5. Let f be 10 - (-8)/(4/(-2)). What is l(f)?
-5
Let z = 23 - 21. Let q(b) = -b**3 + 2*b**2 + 2. What is q(z)?
2
Let i(h) = 7*h**3 + h. Suppose 3*k = -4*q - 5, -2*q + 2*k = -0 - 8. Suppose -2 = 3*p + q. What is i(p)?
-8
Suppose 0*g = -g + 3. Let u(f) be the second derivative of -1/20*f**5 + 2*f - 1/3*f**4 + 7/6*f**g + 3*f**2 + 0. Determine u(-5).
-4
Let n(r) = 14*r**2 - 9*r + 17. Let i(f) = -5*f**2 + 3*f - 6. Let w(t) = 11*i(t) + 4*n(t). Calculate w(2).
0
Suppose 2*p - 1 = 3. Let f(s) = 4*s - 3*s**3 + 5 + 6*s**2 + 4*s**3 - p - 2. Suppose -2*t + 4*t + 10 = 0. Give f(t).
6
Let w(n) = 3*n**3 - 5*n**2 + 4*n - 8. Let j(x) = -4*x**3 + 5*x**2 - 4*x + 9. Let p(l) = 2*j(l) + 3*w(l). Let m = 81 + -77. Calculate p(m).
-6
Let s(z) = z**2 - 4*z. Let q be (-12)/10*(1 + -31). Let v = 51 - q. Suppose -3*n + v = -5*b, 4*n = 5*n - b - 5. Give s(n).
5
Let z(k) be the third derivative of -k**4/24 + 2*k**3/3 - 4*k**2. Let d be ((-8)/(-6))/((-8)/24). Calculate z(d).
8
Let g(o) = -o**2 - o + 3. Suppose 2*f - 15 = -3*p + 5*f, -5*f = -2*p + 7. Suppose -p*k + m = -3*k + 11, -5*m = -k - 13. Determine g(k).
-3
Let w(z) = -2*z**2 + 2*z - 3. Let k(s) = 1. Let f(o) = 5*k(o) + w(o). Suppose 6 = 2*p + d, -2*d = -6*p + 2*p + 12. What is f(p)?
-10
Let q(u) = 3*u**2 - u. Let s(a) = 6*a - 1. Let x(g) = g + 1. Let v(p) = s(p) - 5*x(p). Let f be v(7). Give q(f).
2
Let o(r) = 2*r + 2. Let l be o(2). Let t(w) = 2*w + 1. Calculate t(l).
13
Let j(z) = -z**3 - 2*z**2 - z - 1. Let q(v) = v**3 + v**2 + v. Suppose 2*s + 4 = y, 0*y - 5*y + 5*s + 15 = 0. Let p(b) = y*j(b) + 3*q(b). Calculate p(2).
4
Let m(p) = 2*p - 6*p + 0*p. Let o(n) = n + 10. Suppose 3*z + j = -23, -4*j + 1 = 2*z + 13. Let h be o(z). Calculate m(h).
-8
Let g(i) = 11*i**2 - 8*i**2 - 3*i**3 + 2*i**3 - 3*i. Determine g(2).
-2
Let h = 7 + -1. Suppose 14 = -5*l - 4*v, 0 = 5*l - v + 3 + h. Let t(s) = 2*s. Determine t(l).
-4
Suppose -2*l - 2 = -3*q, -l + 4*q = -6*l + 18. Let v(o) = 1 + o + 2 - l*o + 0. Determine v(6).
-3
Let v(s) be the second derivative of -s**4/12 - 5*s**3/6 + 7*s**2/2 + 17*s. Give v(-5).
7
Let q = -9 + 14. Let c = q - 6. Let x(t) be the second derivative of -t**4/4 - t**2/2 - t. What is x(c)?
-4
Let i(o) = 2*o**2 - 5*o - 6. Let b(v) = -v**3 - v**2 + 2*v + 5. Let w be b(0). Give i(w).
19
Suppose -5*n = -0*n - 15. Let t(o) = 2*o + 1 - n - 3 + 2 + 2*o**2. Suppose -2*p + 4 = -0*p. Give t(p).
9
Let l be 2/7 - (-52)/14. Let x = -5 + l. Let f be (1 + -2)*x*-3. Let h(r) = -3*r - 2. Determine h(f).
7
Let u be (-20)/(-3) - (-2)/6. Let m be (u - 5)*(0 + 1). Let n(w) = -w**3 + 2*w**2 + 2*w. Calculate n(m).
4
Let t(q) = -2*q - 4. Let c be 2 + ((-1)/(-1))/(2/4). Determine t(c).
-12
Let w(m) = -1. Let i(y) = y**2 - 2*y - 4. Let o = -9 - -11. Let a(q) = o*w(q) - i(q). Calculate a(3).
-1
Let a be -4*(7/(-2))/7. Let s(r) be the third derivative of -1/8*r**4 - 1/60*r**5 + 0*r + r**a + 0 - 1/3*r**3. Give s(-3).
-2
Let m(n) = n. Let k = -35 + 28. Determine m(k).
-7
Let i(n) = n**2 + n + 2. Let g(l) = -5*l**2 - 6*l - 10. Let c(m) = 2*g(m) + 11*i(m). What is c(2)?
4
Suppose -12 = -16*i + 20*i. Suppose -5*t + 2 = 4*r, 3*r + 4*t = 7*r - 20. Let u(b) = -b**2 + r + b - 5*b + b. Determine u(i).
3
Let f be 3/1*(1 + 0) + 3. Let l(x) = x**2 - 7*x - 3. Determine l(f).
-9
Let o = 54 - 59. Suppose -4*r + 50 = -30. Let q be (-15)/4 + o/r. Let j(m) = -m**3 - 4*m**2 + 4. Calculate j(q).
4
Suppose 0 = -2*z - 5*n + 9, 4*z - 6 + 3 = -5*n. Let m be ((-1)/z)/((-1)/(-6)). Let o(b) = 2*b - 14. Let l(d) = -d + 5. Let t(a) = 8*l(a) + 3*o(a). What is t(m)?
-6
Suppose -i - 2*j - 7 = 0, -j = -0*i + 2*i - 1. Let h(r) = -2*r**2 + 4*r - 1. Let q(o) = 6*o**2 - 12*o + 3. Let n(l) = -7*h(l) - 2*q(l). Determine n(i).
7
Let f(u) = -5 + 0*u**3 - 4*u**2 + 2*u**3 + 2*u**3 - 5*u - 3*u**3. Let y be (1 - 2)/(5/(-25)). Give f(y).
-5
Let r(h) be the first derivative of -h**4/4 - 4*h**3/3 + 3*h - 1. Give r(-3).
-6
Let k(z) = 20*z + 1 + 2 - 19*z. Determine k(0).
3
Let b(z) be the first derivative of z**6/60 - z**5/60 + z**4/24 + 2*z**3 - 5. Let n(s) be the third derivative of b(s). What is n(1)?
5
Suppose -5*z = -3*z. Suppose -3*u + 4*u - 3 = z. Let p(b) = -b**3 + 4*b**2 - 2*b - 1. Give p(u).
2
Let s(k) be the second derivative of k**3/6 + 3*k**2 - 3*k. Give s(0).
6
Let i(q) = q**3 + q**2 - 3*q - 3. Let f(g) be the first derivative of g**4/4 - 4*g**3/3 + g**2 + 2*g - 4. Let s be f(2). Give i(s).
-1
Let c(q) = -4*q**2 + 1 - 5 + 2 + 3*q**2 + 4*q. Suppose -3*v = 2*o - 7*v + 10, -o + 5*v - 20 = 0. Suppose -o*z + 1 = -19. Give c(z).
-2
Let w(l) be the third derivative of l**4/24 + l**3/6 - 16*l**2. What is w(-2)?
-1
Let l(c) be the first derivative of 3*c**3 + 34. Determine l(1).
9
Let n(k) = -8*k**2 + k**2 + 6*k**2 + 0*k**2. Calculate n(0).
0
Let p(d) = 13*d + 15. Let h(q) = -6*q - 7. Let b(z) = -7*h(z) - 3*p(z). Determine b(-7).
-17
Let v(u) = u**3 + 3*u**2 + u + 3. Let t be v(-3). Let h(q) = -q - 5. Determine h(t).
-5
Let m(y) = 3*y + 7. Let i(z) = -10*z - 20. Let s(h) = 2*i(h) + 7*m(h). Give s(-7).
2
Let i(c) = -c**2 + 8*c + 3. Let t be i(8). Let j(d) = -4 - d + d + t + d. Calculate j(4).
3
Let a(v) = v + 8. Suppose 0*t + 2*t = -5*g - 44, -30 = 5*g - 5*t. Let x(m) = m**3 + 9*m**2 + 7*m - 14. Let j be x(g). What is a(j)?
2
Let b(z) = 140 - 70 - z**3 - 67. Calculate b(0).
3
Let v(a) be the second derivative of -a**8/6720 - a**7/504 - a**6/180 - a**4/12 - 2*a. Let j(g) be the third derivative of v(g). What is j(-4)?
0
Suppose 0*n + 66 = 11*n. Let d(j) be the second derivative of 7/12*j**4 - 1/20*j**5 - 5/6*j**3 - 4*j**2 + 0 - 2*j. What is d(n)?
-2
Let f(w) = w. Let k = -5 + 9. Let d = 14 + -11. Let r be 0 - k/6*d. What is f(r)?
-2
Let u(n) be the third derivative of n**5/60 - n**4/4 + 5*n**3/6 - 7*n**2. Calculate u(5).
0
Let n(a) = -5 + 25 + 2*a - 11 - 5. Determine n(-6).
-8
Suppose 1 = 2*z + 3*y, 7*z + 23 = 2*z + y. Let r = 0 + z. Let n(s) = -3 + s**2 + 3 + 2*s - 3. Determine n(r).
5
Let s(i) be the third derivative of -1/24*i**4 - i**2 + 0*i - 1/3*i**3 + 0. Give s(5).
-7
Let g(x) = -x**3 + 5*x**2 + 5*x + 8. Suppose -3*s + o + 17 = 0, 0 = -s - 3*s + o + 23. What is g(s)?
2
Let d be (6/(-9))/((24/(-9))/4). Let o(m) = 6*m**3 + 2*m**3 + 5*m**3. Calculate o(d).
13
Let f(h) = 13*h - 15. Let q(z) = 7*z - 8. Let i(r) = 6*f(r) - 11*q(r). Calculate i(-4).
-6
Suppose -3*b + 0*k = -3*k, 4*b + 1 = 3*k. Let q(i) = -15*i**2 - 2*i - 1. Calculate q(b).
-14
Suppose 4 = 3*p - 4*p. Let y be (1 + 2)*p/(-6). Let b(v) = -3*v**3 - v + 2*v**3 + 2*v**y - 2*v**3. Calculate b(1).
-2
Let c(w) = -w + 1. Let k be c(-3). Let r(z) = -z**2 + 3*z - 1. Calculate r(k).
-5
Let j(i) = -7*i - 13*i - 49 + 50. Determine j(1).
-19
Let y(l) = -l - 2. Let b be y(-5). Suppose b + 3 = 2*q. Let g(f) be the third derivative of f**4/24 + f**2. What is g(q)?
3
Let s(u) be the third derivative of -7*u**2 - 1/24*u**4 + 0*u + 7/3*u**3 + 0. What is s(8)?
6
Let o = -18 + 23. Let w(m)